{"id":195,"date":"2024-09-12T04:54:43","date_gmt":"2024-09-12T04:54:43","guid":{"rendered":"https:\/\/www.iejbasadre.edu.pe\/Sitiow\/?page_id=195"},"modified":"2024-09-12T05:10:06","modified_gmt":"2024-09-12T05:10:06","slug":"nosotros","status":"publish","type":"page","link":"https:\/\/www.iejbasadre.edu.pe\/Sitiow\/nosotros\/","title":{"rendered":"Nosotros"},"content":{"rendered":"\t\t<div data-elementor-type=\"wp-page\" data-elementor-id=\"195\" class=\"elementor elementor-195\">\n\t\t\t\t<div class=\"elementor-element elementor-element-47c5190 e-con-full e-flex e-con e-parent\" data-id=\"47c5190\" data-element_type=\"container\">\n\t\t<div class=\"elementor-element elementor-element-d05509d e-con-full e-flex e-con e-child\" data-id=\"d05509d\" data-element_type=\"container\">\n\t\t\t\t<div class=\"elementor-element elementor-element-e721dd6 elementor-widget elementor-widget-image\" data-id=\"e721dd6\" data-element_type=\"widget\" data-widget_type=\"image.default\">\n\t\t\t\t<div class=\"elementor-widget-container\">\n\t\t\t\t\t\t\t\t\t\t\t\t\t<img fetchpriority=\"high\" decoding=\"async\" width=\"1024\" height=\"300\" src=\"https:\/\/www.iejbasadre.edu.pe\/Sitiow\/wp-content\/uploads\/2024\/09\/colegio-e1759502500184-1024x300.jpg\" class=\"attachment-large size-large wp-image-201\" alt=\"\" srcset=\"https:\/\/www.iejbasadre.edu.pe\/Sitiow\/wp-content\/uploads\/2024\/09\/colegio-e1759502500184-1024x300.jpg 1024w, https:\/\/www.iejbasadre.edu.pe\/Sitiow\/wp-content\/uploads\/2024\/09\/colegio-e1759502500184-300x88.jpg 300w, https:\/\/www.iejbasadre.edu.pe\/Sitiow\/wp-content\/uploads\/2024\/09\/colegio-e1759502500184-768x225.jpg 768w, https:\/\/www.iejbasadre.edu.pe\/Sitiow\/wp-content\/uploads\/2024\/09\/colegio-e1759502500184-1536x450.jpg 1536w, https:\/\/www.iejbasadre.edu.pe\/Sitiow\/wp-content\/uploads\/2024\/09\/colegio-e1759502500184.jpg 2048w\" sizes=\"(max-width: 1024px) 100vw, 1024px\" \/>\t\t\t\t\t\t\t\t\t\t\t\t\t<\/div>\n\t\t\t\t<\/div>\n\t\t\t\t<\/div>\n\t\t<div class=\"elementor-element elementor-element-82aae22 e-con-full e-flex e-con e-child\" data-id=\"82aae22\" data-element_type=\"container\">\n\t\t<div class=\"elementor-element elementor-element-2376eae e-con-full e-flex e-con e-child\" data-id=\"2376eae\" data-element_type=\"container\">\n\t\t\t\t<div class=\"elementor-element elementor-element-cc1fd6e elementor-drop-cap-yes elementor-drop-cap-view-default elementor-widget elementor-widget-text-editor\" data-id=\"cc1fd6e\" data-element_type=\"widget\" data-settings=\"{&quot;drop_cap&quot;:&quot;yes&quot;}\" data-widget_type=\"text-editor.default\">\n\t\t\t\t<div class=\"elementor-widget-container\">\n\t\t\t\t\t\t\t<span style=\"color: #000000;\"><strong><center>RESE\u00d1A HIST\u00d3RICA<\/strong><\/span>\n\n<span style=\"color: #000000;\">\n\n<p align=\"justify\">Seg\u00fan acta de fecha 20 de mayo de 1970, con presencia de autoridades, entre ellas el se\u00f1or alcalde don Cirilo Mej\u00eda Vicu\u00f1a y su Junta edil, adem\u00e1s el director profesor Jos\u00e9 Agust\u00edn Velasco Cervantes del colegio Agroindustrial, se dio la iniciativa para el funcionamiento de la IE del nivel secundaria hasta 1971, siendo director el prof. Guillermo Antonio Brenis Cabrera; luego, por razones que se desconocen dej\u00f3 de funcionar la Instituci\u00f3n.<\/span>\n<br><br>\n<span style=\"color: #000000;\">Posteriormente se form\u00f3 un comit\u00e9 de Gesti\u00f3n, logrando nuevamente el funcionamiento, con resoluci\u00f3n N\u00b0141, como \u201cInstituci\u00f3n Educativa Secundaria mixta de Gesti\u00f3n Comunal\u201d (1976- 1977). En el a\u00f1o 1978 cambia la denominaci\u00f3n a \u201cJuan Manuel Rodr\u00edguez Tafur\u201d, seg\u00fan consta en las actas de evaluaci\u00f3n y luego, en 1979, se crea como Centro Base N\u00b0 16263-16\/14, con R.D. N\u00ba 256, siendo director el Profesor Santos Guevara Honores.<\/span>\n<br><br>\n<span style=\"color: #000000;\">En\u00a0\u00a0 1981 \u2013 1982, toma el nombre de Centro Educativo Secundario \u2013 Lonya Grande; ya en el a\u00f1o 1983, en reuni\u00f3n conjunta las Autoridades y ciudadanos, por mayor\u00eda acuerdan darle el nombre de Colegio Secundario \u201cJorge Basadre\u201d. En ese mismo a\u00f1o, un grupo de trabajadores de la Cooperativa Agraria Cafetalera \u2013 Lonya Grande, liderada por el CPC C\u00e9sar Enrique Campos Guevara, mediante consecutivas gestiones, logran la ampliaci\u00f3n de C.S.M. \u201cJorge Basadre\u201d con la Modalidad de Adultos.<\/span>\n<br><br>\n<span style=\"color: #000000;\">En el a\u00f1o 2008 la modalidad de adultos se convierte en Centro de Educaci\u00f3n B\u00e1sica alternativa pasando a gozar de autonom\u00eda pedag\u00f3gica y administrativa, quedando la IESM Jorge Basadre bajo la direcci\u00f3n del profesor Luis Ch\u00e1vez Yaspana.<\/span>\n<br><br>\n<span style=\"color: #000000;\">En el a\u00f1o 2015 nuestra Instituci\u00f3n Educativa es focalizada con el modelo de Jornada Escolar completa que viene funcionando hasta la actualidad en la nueva infraestructura, la misma que cuenta con aulas modernas y equipadas, biblioteca, salas de c\u00f3mputo, laboratorios, auditorio, comedor, patio de formaci\u00f3n y mimicoliseo.<\/span>\n\n<span style=\"color: #000000;\">Los directores de la Instituci\u00f3n Educativa, que brindaron su servicio, desde su inicio hasta la actualidad son:<\/span>\n<p align=\"left\">\n<span style=\"color: #000000;\">Profesor Jos\u00e9 Agust\u00edn Velasco Cervantes\u00a0\u00a0\u00a0\u00a0\u00a0\u00a0\u00a0\u00a0\u00a0\u00a0\u00a0\u00a0\u00a0\u00a0\u00a0\u00a0\u00a0\u00a0\u00a0 (1970)<\/span>\n<br>\n<span style=\"color: #000000;\">Profesor Guillermo Antonio Brenis Cabrera\u00a0\u00a0\u00a0\u00a0\u00a0\u00a0\u00a0\u00a0\u00a0\u00a0\u00a0\u00a0\u00a0\u00a0\u00a0\u00a0\u00a0\u00a0\u00a0\u00a0\u00a0\u00a0\u00a0\u00a0\u00a0\u00a0\u00a0\u00a0 (1971)<\/span>\n<br>\n<span style=\"color: #000000;\">Profesor Santos Guevara Honores\u00a0\u00a0\u00a0\u00a0\u00a0\u00a0\u00a0\u00a0\u00a0\u00a0\u00a0\u00a0\u00a0\u00a0\u00a0\u00a0\u00a0\u00a0\u00a0\u00a0\u00a0\u00a0\u00a0\u00a0\u00a0\u00a0\u00a0\u00a0\u00a0\u00a0 (1976- 1979)<\/span>\n<br>\n<span style=\"color: #000000;\">Profesor Javier Rojas V\u00e1squez \u00a0\u00a0\u00a0\u00a0\u00a0\u00a0\u00a0\u00a0\u00a0\u00a0\u00a0\u00a0\u00a0\u00a0\u00a0\u00a0\u00a0\u00a0\u00a0\u00a0\u00a0\u00a0\u00a0\u00a0\u00a0\u00a0\u00a0\u00a0\u00a0\u00a0\u00a0\u00a0\u00a0\u00a0\u00a0\u00a0\u00a0 (1980)<\/span>\n<br>\n<span style=\"color: #000000;\">Profesor\u00a0\u00a0 Julio Rojas V\u00e1squez\u00a0\u00a0\u00a0\u00a0\u00a0\u00a0\u00a0\u00a0\u00a0\u00a0\u00a0\u00a0\u00a0\u00a0\u00a0\u00a0\u00a0\u00a0\u00a0\u00a0\u00a0\u00a0\u00a0\u00a0\u00a0\u00a0\u00a0\u00a0\u00a0\u00a0\u00a0\u00a0\u00a0\u00a0\u00a0\u00a0\u00a0\u00a0\u00a0 (1981-1982)<\/span>\n<br>\n<span style=\"color: #000000;\">Profesora Rosa Saldarriaga Bances\u00a0\u00a0\u00a0\u00a0\u00a0\u00a0\u00a0\u00a0\u00a0\u00a0\u00a0\u00a0\u00a0\u00a0\u00a0\u00a0\u00a0\u00a0\u00a0\u00a0\u00a0\u00a0\u00a0\u00a0\u00a0\u00a0\u00a0\u00a0\u00a0 (1983)<\/span>\n<br>\n<span style=\"color: #000000;\">Profesor\u00a0\u00a0 Nilo Yaspana Aguilar\u00a0\u00a0\u00a0\u00a0\u00a0\u00a0\u00a0\u00a0\u00a0\u00a0\u00a0\u00a0\u00a0\u00a0\u00a0\u00a0\u00a0\u00a0\u00a0\u00a0\u00a0\u00a0\u00a0\u00a0\u00a0\u00a0\u00a0\u00a0\u00a0\u00a0\u00a0\u00a0\u00a0\u00a0\u00a0\u00a0 (1984-1988)<\/span>\n<br>\n<span style=\"color: #000000;\">Profesor\u00a0\u00a0 Pedro A. Portocarrero Guivin \u00a0\u00a0\u00a0\u00a0 \u00a0\u00a0\u00a0\u00a0\u00a0\u00a0\u00a0\u00a0\u00a0\u00a0\u00a0\u00a0\u00a0\u00a0(1989-1990)<\/span>\n<br>\n<span style=\"color: #000000;\">Profesora Rosa Espejo Bustamante\u00a0\u00a0\u00a0\u00a0\u00a0\u00a0\u00a0\u00a0\u00a0\u00a0\u00a0\u00a0\u00a0\u00a0\u00a0\u00a0\u00a0\u00a0\u00a0\u00a0\u00a0\u00a0\u00a0\u00a0\u00a0 (1991-1993)<\/span>\n<br>\n<span style=\"color: #000000;\">Profesor\u00a0\u00a0\u00a0 Santiago Guevara Lozano\u00a0\u00a0\u00a0\u00a0\u00a0\u00a0\u00a0\u00a0\u00a0\u00a0\u00a0\u00a0\u00a0\u00a0\u00a0\u00a0\u00a0\u00a0\u00a0\u00a0\u00a0\u00a0\u00a0\u00a0\u00a0\u00a0 (1994-1999)<\/span>\n<br>\n<span style=\"color: #000000;\">Profesor\u00a0\u00a0\u00a0 Lu\u00eds Ch\u00e1vez Yaspana\u00a0\u00a0\u00a0\u00a0\u00a0\u00a0\u00a0\u00a0\u00a0\u00a0\u00a0\u00a0\u00a0\u00a0\u00a0\u00a0\u00a0\u00a0\u00a0\u00a0\u00a0\u00a0\u00a0\u00a0\u00a0\u00a0\u00a0\u00a0\u00a0\u00a0\u00a0\u00a0\u00a0\u00a0\u00a0\u00a0 (2000-2022)<\/span>\n<br>\n<span style=\"color: #000000;\">Profesor\u00a0\u00a0\u00a0 Nolver Gil Salazar          (2023 \u2013 2027)<\/span>\n<br>\n<span style=\"color: #000000;\">\u00a0Cabe mencionar que nuestra Instituci\u00f3n Educativa cuenta con dos locales: Uno utilizado para actividades deportivas, culturales, de innovaci\u00f3n, de coordinaci\u00f3n y para el funcionamiento de dos proyectos institucionales: \u201cMuseo Hist\u00f3rico Cultural del distrito de Lonya Grande\u201d y \u201cCircuitos Tur\u00edsticos del distrito de Lonya Grande\u201d Y otro donde actualmente funciona como infraestructura de interaprendizajes.<\/span>\n\n<strong>\u00a0<\/strong>\t\t\t\t\t\t<\/div>\n\t\t\t\t<\/div>\n\t\t\t\t<\/div>\n\t\t<div class=\"elementor-element elementor-element-4848dfd e-con-full e-flex e-con e-child\" data-id=\"4848dfd\" data-element_type=\"container\">\n\t\t\t\t<div class=\"elementor-element elementor-element-b196add elementor-widget elementor-widget-text-editor\" data-id=\"b196add\" data-element_type=\"widget\" data-widget_type=\"text-editor.default\">\n\t\t\t\t<div class=\"elementor-widget-container\">\n\t\t\t\t\t\t\t<p style=\"text-align: center;\"><strong><span style=\"color: #000000;\">\u00a0\u00bfQui\u00e9nes somos?<\/span><\/strong><\/p>\n<p align=\"Justify\"><span style=\"color: #000000;\">Somos la I.E \u201cJorge Basadre\u201d, estamos ubicados en Cal. Elina Carreazo S\/N, distrito de Lonya Grande-Utcubamba-Amazonas. Brindamos una educaci\u00f3n integral, hist\u00f3rico nacional y de calidad a los estudiantes del distrito y comunidades aleda\u00f1as, en el nivel secundario. Nuestros estudiantes son monoling\u00fces y provienen generalmente de familias dedicadas a la agricultura y el comercio, siendo la actividad m\u00e1s relevante el cultivo del caf\u00e9.<\/span>\n\n<span style=\"color: #000000;\">Contamos con una plana docente actualizada, con experiencia en el trabajo pedag\u00f3gico y el uso de herramientas tecnol\u00f3gicas (Tic), teniendo en cuenta la practica de valores, las condiciones de salubridad, prevenci\u00f3n de situaciones de riesgos y desastres, cuidado del medio ambiente y la exigencia de la globalizaci\u00f3n.<\/span><\/p>\n<span style=\"color: #000000;\"><strong>\u00bfCu\u00e1l es nuestra visi\u00f3n?<\/strong><\/span>\n<p align=\"Justify\"><span style=\"color: #000000;\">La Instituci\u00f3n Educativa Secundaria de Menores \u201cJorge Basadre\u201d del distrito de Lonya Grande, al 2025, es una Instituci\u00f3n l\u00edder dentro del \u00e1mbito regional. Brinda una educaci\u00f3n integral, inclusiva y de calidad, basada en valores \u00e9ticos y democr\u00e1ticos, desarrollando el pensamiento cient\u00edfico, cr\u00edtico, creativo y reflexivo, promoviendo la innovaci\u00f3n, investigaci\u00f3n cient\u00edfica y el adecuado uso de las TIC y valorando la biodiversidad y el medio ambiente para el logro de los aprendizajes de los estudiantes, considerando el desarrollo de competencias que les permitan ser personas saludables, \u00fatiles a la sociedad y con cultura preventiva frente a riesgos y desastres.<\/span><\/p>\n<strong><span style=\"color: #000000;\">\u00bfCu\u00e1l es nuestra misi\u00f3n?<\/span><\/strong>\n<span style=\"color: #000000;\"><p align=\"Justify\"> Somos una Instituci\u00f3n Educativa con Jornada Escolar Completa, que cumple con los compromisos de Gesti\u00f3n Escolar para garantizar una formaci\u00f3n integral de los estudiantes, desarrollando innovaciones pedag\u00f3gicas, cient\u00edficas, administrativas y relacionadas con la protecci\u00f3n del medio ambiente, articuladas a los retos del mundo competitivo y globalizado, sustentadas en la identidad, creatividad, capacidad, iniciativa y pr\u00e1ctica de valores, promoviendo la participaci\u00f3n activa de todos los agentes educativos mediante una gesti\u00f3n por procesos, priorizando estilos de vida saludable y el soporte socioemocional.<\/span>\t\t\t\t\t\t<\/div>\n\t\t\t\t<\/div>\n\t\t\t\t<\/div>\n\t\t\t\t<\/div>\n\t\t\t\t<\/div>\n\t\t<div class=\"elementor-element elementor-element-d91a020 e-flex e-con-boxed e-con e-parent\" data-id=\"d91a020\" data-element_type=\"container\">\n\t\t\t\t\t<div class=\"e-con-inner\">\n\t\t\t\t<div class=\"elementor-element elementor-element-a3d35a3 elementor-widget elementor-widget-text-editor\" data-id=\"a3d35a3\" data-element_type=\"widget\" data-widget_type=\"text-editor.default\">\n\t\t\t\t<div class=\"elementor-widget-container\">\n\t\t\t\t\t\t\t<table width=\"595\"><tbody><tr><td width=\"104\"><p style=\"text-align: center;\"><span style=\"color: #000000;\"><strong>VALORES<\/strong><\/span><\/p><\/td><td width=\"491\"><p style=\"text-align: center;\"><span style=\"color: #000000;\"><strong>INDICADORES<\/strong><\/span><\/p><\/td><\/tr><tr><td width=\"104\"><p><span style=\"color: #000000;\"><strong>AMOR<\/strong><\/span><\/p><\/td><td width=\"491\"><ul><li><span style=\"color: #000000;\">\u00a0 Muestra un buen nivel de autoestima y afecto.<\/span><\/li><li><span style=\"color: #000000;\">\u00a0 Se identifica con su instituci\u00f3n educativa, comunidad y nuestra cultura.<\/span><\/li><li><span style=\"color: #000000;\">\u00a0 Se acepta a s\u00ed mismo y a los dem\u00e1s.<\/span><\/li><li><span style=\"color: #000000;\">\u00a0 Muestra sentimientos de afecto hacia los dem\u00e1s.<\/span><\/li><\/ul><\/td><\/tr><tr><td width=\"104\"><p><span style=\"color: #000000;\">RESPETO<\/span><\/p><\/td><td width=\"491\"><ul><li><span style=\"color: #000000;\">\u00a0 Respeta las normas de convivencia de aula y la IE.<\/span><\/li><li><span style=\"color: #000000;\">\u00a0 Respeta las acciones preventivas frente a situaciones de riesgo y desastres.<\/span><\/li><li><span style=\"color: #000000;\">\u00a0Respeta a sus compa\u00f1eros, profesores y dem\u00e1s trabajadores dentro y fuera de la IE, con inclusi\u00f3n en casos de personas con dificultades.<\/span><\/li><li><span style=\"color: #000000;\">\u00a0Acepta las diferencias y escucha de forma activa las opiniones de los dem\u00e1s sin intentar imponer las propias.<\/span><\/li><li><span style=\"color: #000000;\">\u00a0 Acepta, interioriza y practica las normas establecidas en el Reglamento Interno.<\/span><\/li><li><span style=\"color: #000000;\">\u00a0Cuida los materiales de los compa\u00f1eros y la Infraestructura Educativa.<\/span><\/li><li><span style=\"color: #000000;\">\u00a0 \u00a0Protege y conserva el medio ambiente.<\/span><\/li><li><span style=\"color: #000000;\">\u00a0Act\u00faa con asertividad al juzgar y expresarse.<\/span><\/li><\/ul><\/td><\/tr><tr><td width=\"104\"><p><span style=\"color: #000000;\">JUSTICIA<\/span><\/p><\/td><td width=\"491\"><ul><li><span style=\"color: #000000;\">\u00a0 Reconoce los m\u00e9ritos ajenos.<\/span><\/li><li><span style=\"color: #000000;\">\u00a0Fomenta el di\u00e1logo, el esp\u00edritu cr\u00edtico y reflexivo ante las injusticias.<\/span><\/li><li><span style=\"color: #000000;\">\u00a0Eval\u00faa de manera honesta y justa, de acuerdo al logro de las competencias.<\/span><\/li><li><span style=\"color: #000000;\">Fomenta la cultura de Paz y la convivencia en armon\u00eda buscando el bien com\u00fan.<\/span><\/li><li><span style=\"color: #000000;\">Otorga reconocimientos y aplica medidas correctivas de acuerdo al desempe\u00f1o de sus funciones.<\/span><\/li><\/ul><\/td><\/tr><tr><td width=\"104\"><p><span style=\"color: #000000;\">RESPONSABILIDAD<\/span><\/p><\/td><td width=\"491\"><ul><li><span style=\"color: #000000;\">\u00a0Ingresa oportunamente a la IE y cumple puntualmente sus actividades educativas.<\/span><\/li><li><span style=\"color: #000000;\">Cumple\u00a0 a cabalidad sus deberes y funciones.<\/span><\/li><li><span style=\"color: #000000;\">\u00a0Se involucra en el cumplimiento de los objetivos institucionales.<\/span><\/li><\/ul><\/td><\/tr><tr><td width=\"104\"><p><span style=\"color: #000000;\">HONRADEZ<\/span><\/p><\/td><td width=\"491\"><ul><li><span style=\"color: #000000;\">\u00a0Respeta y cuida los bienes ajenos.<\/span><\/li><li><span style=\"color: #000000;\">Respeta y cuida los bienes, la infraestructura y mobiliario de la IE.<\/span><\/li><li><span style=\"color: #000000;\">Informa de manera oportuna y transparente el manejo de los recursos econ\u00f3micos generados en las diversas actividades realizadas por la IE.<\/span><\/li><\/ul><\/td><\/tr><\/tbody><\/table>\t\t\t\t\t\t<\/div>\n\t\t\t\t<\/div>\n\t\t\t\t\t<\/div>\n\t\t\t\t<\/div>\n\t\t\t\t<\/div>\n\t\t","protected":false},"excerpt":{"rendered":"<p>RESE\u00d1A HIST\u00d3RICA Seg\u00fan acta de fecha 20 de mayo de 1970, con presencia de autoridades, entre ellas el se\u00f1or alcalde don Cirilo Mej\u00eda Vicu\u00f1a y su Junta edil, adem\u00e1s el director profesor Jos\u00e9 Agust\u00edn Velasco Cervantes del colegio Agroindustrial, se dio la iniciativa para el funcionamiento de la IE del nivel secundaria hasta 1971, siendo&hellip;&nbsp;<a href=\"https:\/\/www.iejbasadre.edu.pe\/Sitiow\/nosotros\/\" class=\"\" rel=\"bookmark\">Leer m\u00e1s &raquo;<span class=\"screen-reader-text\">Nosotros<\/span><\/a><\/p>\n","protected":false},"author":1,"featured_media":0,"parent":0,"menu_order":0,"comment_status":"closed","ping_status":"closed","template":"page-templates\/template-pagebuilder-full-width.php","meta":{"neve_meta_sidebar":"","neve_meta_container":"","neve_meta_enable_content_width":"","neve_meta_content_width":0,"neve_meta_title_alignment":"","neve_meta_author_avatar":"","neve_post_elements_order":"","neve_meta_disable_header":"","neve_meta_disable_footer":"","neve_meta_disable_title":"","footnotes":""},"class_list":["post-195","page","type-page","status-publish","hentry"],"_links":{"self":[{"href":"https:\/\/www.iejbasadre.edu.pe\/Sitiow\/wp-json\/wp\/v2\/pages\/195","targetHints":{"allow":["GET"]}}],"collection":[{"href":"https:\/\/www.iejbasadre.edu.pe\/Sitiow\/wp-json\/wp\/v2\/pages"}],"about":[{"href":"https:\/\/www.iejbasadre.edu.pe\/Sitiow\/wp-json\/wp\/v2\/types\/page"}],"author":[{"embeddable":true,"href":"https:\/\/www.iejbasadre.edu.pe\/Sitiow\/wp-json\/wp\/v2\/users\/1"}],"replies":[{"embeddable":true,"href":"https:\/\/www.iejbasadre.edu.pe\/Sitiow\/wp-json\/wp\/v2\/comments?post=195"}],"version-history":[{"count":7,"href":"https:\/\/www.iejbasadre.edu.pe\/Sitiow\/wp-json\/wp\/v2\/pages\/195\/revisions"}],"predecessor-version":[{"id":204,"href":"https:\/\/www.iejbasadre.edu.pe\/Sitiow\/wp-json\/wp\/v2\/pages\/195\/revisions\/204"}],"wp:attachment":[{"href":"https:\/\/www.iejbasadre.edu.pe\/Sitiow\/wp-json\/wp\/v2\/media?parent=195"}],"curies":[{"name":"wp","href":"https:\/\/api.w.org\/{rel}","templated":true}]}}